etermine h(3).
40
Let h(n) = 2*n**2 + 22*n. What is h(-10)?
-20
Let j(l) = l**3 + 5*l**2 + 6*l + 2. Determine j(-4).
-6
Let o(x) = -x**2 - 10*x + 4. What is o(-8)?
20
Let q(z) = z**3 - 2*z**2 + 4*z. Give q(0).
0
Let k(w) = w**2 - 15*w + 22. Calculate k(18).
76
Let d(s) = -2*s**2 + 30*s - 17. Calculate d(14).
11
Let o(x) = 6*x**3 - 19*x**2 + x + 3. Calculate o(3).
-3
Let y(v) = v**3 - 10*v**2 + 4*v - 8. Determine y(9).
-53
Let o(w) = -w + 59. Determine o(0).
59
Let v(o) = -8*o**2 - 2*o + 3. Determine v(1).
-7
Let r(p) = -10*p**2 - p. Give r(1).
-11
Let z(o) = 5*o - 3. What is z(14)?
67
Let r(q) = -q**3 - 8*q**2 + 3*q + 20. Give r(-8).
-4
Let i(p) = -6*p + 16. Calculate i(4).
-8
Let f(k) = -k**2 - 11*k - 15. Determine f(-6).
15
Let x(v) = -v**3 - v**2 + 3*v - 29. Determine x(0).
-29
Let v(x) = -2*x**3 + 4*x**2 + 6*x + 7. What is v(5)?
-113
Let q(b) = -b**3 - 9*b**2 - 9*b - 2. Calculate q(-8).
6
Let z(c) = -2*c**3 - c**2 - 5*c + 11. What is z(2)?
-19
Let b(h) = 12*h**3 + 2*h**2 + 6*h + 10. Give b(-2).
-90
Let z(d) = 2*d**2 + 8*d - 2. What is z(-3)?
-8
Let k(a) = a**2 - 9*a - 4. Give k(8).
-12
Let j(o) = 4*o**2 + 106*o - 49. Calculate j(-27).
5
Let g(a) = a**3 + 10*a**2 - 16*a - 11. Give g(-11).
44
Let x(q) = q**3 + 6*q**2 - 3*q - 10. Calculate x(-6).
8
Let y(w) = 2*w**2 - 4*w - 15. Determine y(5).
15
Let b(l) = -l - 11. Determine b(-17).
6
Let l(s) = 4*s - 76. Determine l(27).
32
Let i(j) = -6*j**3 - j**2 + 3*j - 1. What is i(1)?
-5
Let p(f) = -3*f**2 + 2*f + 4. What is p(-2)?
-12
Let n(m) = m**2 + 2*m - 23. Give n(0).
-23
Let c(q) = -q - 5. Calculate c(3).
-8
Let n(p) = p**3 + 14*p**2 - 32*p + 9. Determine n(-16).
9
Let f(a) = -a**2 - 17*a - 54. What is f(-12)?
6
Let n(a) = -a**2 - a + 8. Determine n(-7).
-34
Let v(u) = -u**3 + 28*u**2 - 121*u + 132. Give v(23).
-6
Let k(v) = 3*v**2 - 15*v + 20. Determine k(4).
8
Let b(w) = -w**3 - 10*w**2 - 4*w - 34. Calculate b(-10).
6
Let z(s) = 15*s - 65. Give z(10).
85
Let p(v) = -v**3 - 21*v**2 - 18*v - 1. Determine p(-20).
-41
Let n(b) = b**3 + 6*b**2 + 8*b. Determine n(-5).
-15
Let r(c) = -2*c + 3. Give r(3).
-3
Let r(f) = -f**2 + 8*f + 5. Give r(9).
-4
Let k(u) = -u**3 - 8*u**2 + u + 26. Give k(-8).
18
Let g(i) = i**2 + 14*i - 3. Determine g(-14).
-3
Let t(j) = 4*j + 10. Calculate t(-6).
-14
Let h(t) = 232*t**2 - t. Calculate h(-1).
233
Let u(z) = -3*z**2 + 2*z + 7. What is u(5)?
-58
Let g(q) = q**3 + 12*q**2 - 13*q + 14. Give g(-13).
14
Let r(a) = -a**3 - 2*a + 155. Calculate r(0).
155
Let u(f) = -f + 14. Calculate u(-15).
29
Let v(z) = z**2 + 20*z - 37. Determine v(-15).
-112
Let s(v) = -v**2 + 10*v - 29. Calculate s(6).
-5
Let j(i) = -39*i + 108. Determine j(3).
-9
Let x(c) = 4*c - 9. Determine x(7).
19
Let p(s) = -s**3 + 7*s**2 - 10*s + 4. Determine p(6).
-20
Let q(f) = -16*f - 15. Give q(4).
-79
Let q(r) = r**3 - 4*r**2 - 4*r - 3. Calculate q(-3).
-54
Let s(w) = -2*w + 41. Calculate s(8).
25
Let g(c) = -45*c + 5. Give g(1).
-40
Let h(z) = -69*z**2 + 8*z + 9. Give h(-1).
-68
Let q(x) = -6*x + 11. Give q(11).
-55
Let s(u) = u**2 + 7*u + 13. Give s(-7).
13
Let s(r) = 190*r + 184. What is s(-1)?
-6
Let u(d) = -44*d + 313. Determine u(7).
5
Let m(k) = -23*k - 50. Determine m(-3).
19
Let n(q) = q**2 + 16*q + 19. Give n(-13).
-20
Let k(i) = -10*i - 190. Give k(-15).
-40
Let z(v) = v**2 + 13*v + 14. Give z(-13).
14
Let z(o) = o**3 - 4*o**2 - 10*o + 3. Give z(5).
-22
Let n(a) = -3*a + 8. Calculate n(7).
-13
Let k(o) = o**3 - 7*o**2 + 3*o + 2. Determine k(4).
-34
Let g(l) = -l**2 + 2*l + 1. What is g(5)?
-14
Let f(r) = 9*r - 6. Determine f(3).
21
Let o(z) = -2*z**3 - 3*z - 4. Determine o(-3).
59
Let p(g) = 8*g**2 - 104*g - 13. Calculate p(13).
-13
Let h(x) = -x**3 + 27. Calculate h(0).
27
Let a(s) = -3*s**3 + s**2 - 2*s. Calculate a(1).
-4
Let l(u) = -u**2 + 6. Determine l(3).
-3
Let x(c) = -5*c + 103. Calculate x(28).
-37
Let j(q) = q**3 - 11*q**2 - 4*q + 5. Give j(11).
-39
Let r(b) = -b**2 - 13*b - 18. Give r(-12).
-6
Let r(f) = f**3 - f**2 - 2. Give r(2).
2
Let q(i) = 21*i**3 + 2*i**2 - 2*i + 1. What is q(1)?
22
Let m(c) = c**2 + 5*c. Calculate m(2).
14
Let c(l) = -l**2 - 2*l - 6. Calculate c(0).
-6
Let z(o) = 4*o - 31. Calculate z(8).
1
Let g(o) = -o**3 - 2*o**2 + o + 30. What is g(0)?
30
Let p(w) = -w**2 + 28*w - 18. Give p(27).
9
Let x(f) = -10*f + 2. What is x(-1)?
12
Let j(n) = -23*n + 368. Determine j(16).
0
Let s(n) = -n**2 + 8*n - 17. What is s(3)?
-2
Let k(z) = z - 13. Determine k(5).
-8
Let p(l) = -l**2 + 19*l - 59. Give p(15).
1
Let y(g) = g**3 - 10*g**2 + 8*g + 9. Determine y(9).
0
Let z(y) = -y**3 + 10*y**2 - 11*y + 11. What is z(9)?
-7
Let g(h) = 14*h + 15. Calculate g(-6).
-69
Let c(j) = j**2 + 4*j - 8. Calculate c(2).
4
Let u(o) = -o - 3. Determine u(0).
-3
Let o(c) = c - 31. Give o(15).
-16
Let h(d) = 25*d - 2. Calculate h(1).
23
Let p(n) = 22*n + 12. Calculate p(-2).
-32
Let m(c) = c - 23. Determine m(12).
-11
Let p(g) = 6*g**3 - 19*g**2 + 10*g - 23. What is p(3)?
-2
Let a(o) = -o**3 + 10*o**2 + 54*o + 17. Determine a(14).
-11
Let p(s) = s - 2. Give p(-6).
-8
Let i(l) = -l**2 - 22*l - 72. Calculate i(-18).
0
Let x(t) = t**3 - t**2 + t + 19. Determine x(0).
19
Let i(g) = g**3 + 14*g**2 + 12*g - 6. Give i(-13).
7
Let r(q) = -9*q - 67. What is r(-5)?
-22
Let o(d) = -2*d**3 - 8*d**2 + 11*d + 49. Calculate o(-6).
127
Let i(z) = -z**3 + 7*z**2 - z - 20. Give i(6).
10
Let w(z) = -z**3 + 8*z**2 - 5*z + 1. Give w(7).
15
Let t(u) = u**3 + 5*u**2 - 8*u + 1. Determine t(-6).
13
Let t(p) = p**2 - 6*p + 3. Calculate t(3).
-6
Let m(n) = 20*n + 1. Give m(-2).
-39
Let m(c) = c**3 + 15*c**2 - 32*c + 28. Give m(-17).
-6
Let l(a) = -a**2 + 8*a + 38. Give l(-4).
-10
Let t(b) = 16*b + 14. What is t(-11)?
-162
Let b(l) = -l**2 + 5*l - 5. Give b(5).
-5
Let k(x) = 2*x - 36. What is k(14)?
-8
Let r(d) = -26*d + 178. Give r(7).
-4
Let h(k) = 65*k**3 - k - 1. What is h(-1)?
-65
Let v(o) = -2*o**2 + 4*o - 2. Calculate v(8).
-98
Let q(o) = -o**3 + 13*o**2 - 12*o - 14. Determine q(11).
96
Let z(u) = -u**3 + 3*u**2 - u + 2. Calculate z(3).
-1
Let q(v) = -v**3 + 12*v**2 - 14*v + 26. Determine q(11).
-7
Let p(a) = -63*a - 1190. Determine p(-19).
7
Let w(l) = -l**2 + 10*l + 9. Calculate w(8).
25
Let q(w) = -w**2 - 15*w - 9. Calculate q(-12).
27
Let u(z) = -z**3 + 18*z**2 + 33*z + 144. Calculate u(20).
4
Let q(r) = 3*r**2 + r - 1. Calculate q(2).
13
Let r(n) = n**2 - 9*n + 8. Determine r(9).
8
Let s(n) = -n**3 - 18*n**2 - 46*n - 23. Calculate s(-15).
-8
Let f(p) = p. Determine f(6).
6
Let x(u) = u**3 + 5*u**2 - 4*u + 5. Calculate x(-6).
-7
Let a(v) = -v**3 + 8*v**2 + 3*v - 6. Determine a(8).
18
Let p(v) = -v**3 + 7*v**2 - 10*v + 7. Give p(4).
15
Let l(h) = -40*h - 33. Determine l(-3).
87
Let i(d) = d**3 + 10*d**2 - 2*d - 22. Calculate i(-10).
-2
Let z(r) = -8*r - 22. Give z(-3).
2
Let m(v) = -2*v**3 + 25*v**2 + 13*v - 7. What is m(13)?
-7
Let q(z) = -2*z**2 + 6*z + 5. Give q(6).
-31
Let l(r) = r - 10. Calculate l(-3).
-13
Let a(f) = f**3 - 3*f**2 + 3*f + 1. Determine a(3).
10
Let o(a) = a**2 + 2*a - 1. Give o(-4).
7
Let l(p) = p**2 + 5*p + 5. Calculate l(-7).
19
Let s(i) = -4*i + 95. Give s(24).
-1
Let f(k) = 15*k + 87. What is f(-6)?
-3
Let b(v) = 2*v**3 + 19*v**2 - 16*v - 57. Determine b(-10).
3
Let t(k) = 6*k + 4. Determine t(3).
22
Let s(j) = j**3 - 8*j**2 + 6*j. What is s(7)?
-7
Let j(y) = 4*y**2 - 4. What is j(-3)?
32
Let r(f) = -6*f - 137. Determine r(-34).
67
Let o(n) = 3*n**2 + 30*n + 16. What is o(-10)?
16
Let d(k) = k**2 - 8*k + 5. Determine d(7).
-2
Let p(a) = -a**2 - 9*a + 5. Give p(-10).
-5
Let p(i) = -8*i - 1. Determine p(5).
-41
Let y(t) = -t**3 - 7*t**2 - 9*t - 1. Determine y(-4).
-13
Let f(k) = -k**2 - 19*k + 42. Calculate f(-13).
120
Let s(j) = -3*j**2 - j + 8. Calculate s(-4).
-36
Let j(a) = a**3 + 14*a**2 + 12*a - 12. Calculate j(-13).
1
Let z(g) = -3*g**2 + 6*g + 3. Determine z(3).
-6
Let n(a) = a**2 - 8*a - 17. Give n(-6).
67
Let f(w) = w**3 + 9*w**2 + 5*w - 3. Determine f(-4).
57
Let x(r) = -2*r - 116. Calculate x(-51).
-14
Let t(d) = d + 5. Give t(3).
8
Let x(t) = 7*t - 81. What is x(12)?
3
Let b(q) = -q**3 + 6*q**2 - 10*q + 70. Give b(6).
10
Let d(j) = -j**3 - 14*j**2 - 13*j - 16. Determine d(-13).
-16
Let v(t) = t**3 + 5*t**2 + 8*t. Calculate v(-3).
-6
Let s(k) = k**2 + 9*k + 18. Determine s